19
Suppose 4*w = 4049 - 561. Calculate the greatest common divisor of w and 6758.
218
Suppose 5*s - 212 = 58. Suppose 18*t - s = 9*t. What is the highest common divisor of t and 14?
2
Let w = -344 - -340. Let y be (-17)/(-4)*(8 - (w - -8)). What is the highest common factor of 459 and y?
17
Let v(g) = -56*g + 1386. Let z be v(9). What is the greatest common factor of z and 49?
49
Let g(u) = -16*u**3 - 9*u**2 - 9*u - 16. Let w be g(-4). Suppose -1212*o + 1208*o + w = 0. Calculate the highest common factor of 9 and o.
9
Let q = 770 - 770. Suppose 4*k + 5*o - 2114 = 0, k - 2*o - 19 - 516 = q. Calculate the greatest common factor of k and 59.
59
Let w = -15351 - -15362. What is the greatest common divisor of w and 46?
1
Let w(g) = -823*g - 5742. Let u be w(-7). What is the highest common factor of 23294 and u?
19
Let v be (-8)/10 - 41356/(-245). Suppose -v*b + 33 = -157*b. What is the highest common factor of b and 237?
3
Let q be (-185)/((-6 - 124/(-24))*3). Calculate the greatest common divisor of 2516 and q.
74
Suppose 2520 = 187*a - 167*a. Calculate the highest common factor of 2688 and a.
42
Let v = -76 + 39. Let z = v - -57. Suppose 49 = 8*b + 17. What is the highest common factor of z and b?
4
Suppose m - 54 = -p, -p - 836*m + 834*m = -53. What is the highest common factor of p and 1485?
55
Let k be ((-11724)/(-84) - 3/(-7))*5. Suppose -q + 2*q = k. Calculate the greatest common divisor of q and 20.
20
Suppose -55 = -5*d + 5*q, -2*d + 4 = 2*q + 2. Suppose -d*w = -15*w + 198. What is the greatest common divisor of w and 66?
22
Let r(x) = 7*x**3 - 1474*x**2 - 620*x - 407. Let m be r(211). Calculate the highest common factor of m and 160.
32
Suppose -5*k - 19 = 4*x, -3*x + 8*x = 5*k - 35. Let c(j) = -12*j - 42. Let b be c(x). What is the greatest common divisor of b and 390?
30
Suppose 10 = -7*m + 9*m. Suppose -m*f + 53 = -42. Suppose 3*j = 2*u + 238, j - 2*u - 111 = -25. Calculate the greatest common divisor of j and f.
19
Suppose 79*z - 32 = 71*z. Let o(b) = 4*b**2 + 3*b + 4. Let x be o(z). What is the highest common divisor of x and 100?
20
Let s = -24 + 158. Suppose 0 = -4*q - 9*t + 12*t + 188, s = 3*q - 4*t. Calculate the greatest common factor of 2 and q.
2
Suppose -2*u = 4*q - 3836, 53*q - 57*q - 12 = 0. Calculate the highest common divisor of u and 444.
148
Let a(g) = -g**2 + g + 24. Let m be a(4). Suppose t - 5*f - 51 = 0, -3*t + 2*f = -0*t - 114. What is the greatest common divisor of t and m?
12
Suppose -3*r - 9 = 2*f + 2*r, 0 = f + 3*r + 6. Let g be 61 - (-9 + f + 7). What is the greatest common factor of 108 and g?
12
Let a = -63 + 98. Let d(m) = -m**3 - 16*m**2 + 12*m - 22. Let r be d(-17). Calculate the highest common factor of r and a.
7
Suppose m + 254 = 4*q + 3*m, 5*m = -3*q + 173. Suppose 9*a + q = -2*a. Let g = 18 - a. Calculate the highest common factor of 84 and g.
12
Let n(a) = -4*a**2 - a - 2. Let z be n(3). Let r = 40 + z. Let y be 15*(3 + (-3 - r)). Calculate the greatest common divisor of 5 and y.
5
Suppose 8 = g - 2*v, 3*g - 4*v + 2*v = 28. Suppose 340*f - 338*f - 209 = 131. What is the greatest common factor of g and f?
10
Let c = -248 + 290. Suppose -87*k + 93*k = c. Calculate the highest common divisor of k and 133.
7
Suppose 5*p + 538 = 4*u - 213, 0 = -u + 4. Let d be (2/(-2) - 102)/1. Let r = d - p. Calculate the greatest common factor of r and 66.
22
Let v = 20 + -10. Let h(w) = w**3 - 55*w**2 + 773*w - 346. Let k be h(28). What is the greatest common divisor of v and k?
10
Suppose -4*t + 2*r + 24182 = 0, r - 6028 = -t + 5*r. What is the highest common factor of 4 and t?
4
Let a be 2 + (-11)/(-44)*12. Suppose -12 = -2*q + 4. Suppose 2*r = -6 + q. Calculate the highest common factor of a and r.
1
Let i(g) = -4*g**2 - 52*g + 12. Let n be i(-13). Calculate the highest common divisor of 868 and n.
4
Suppose 5*y - 146*n + 151*n = 1040, -4*y + n + 842 = 0. What is the highest common factor of 810 and y?
30
Suppose 2*f - 31 - 17 = 0. Let b(g) = -2*g**2 + 31*g. Let l = 297 + -285. Let x be b(l). Calculate the highest common divisor of f and x.
12
Let g be (-2 + 0/(-1))/((-2)/(-3)). Let o be (4*(-3)/(-18))/(g/(-9)). Suppose -o*l = l - 147. What is the highest common factor of 7 and l?
7
Suppose 1145 = q - 5*p, 8*p + 2 = 9*p. Let m = q + -798. Calculate the greatest common divisor of 102 and m.
51
Suppose -3*c - 8 + 6 = 4*g, -2*g - 4 = 0. Suppose -6*s = -c*s - 12. Calculate the greatest common divisor of s and 25.
1
Let s(g) = 3*g**2 - 11*g - 26. Let a be s(-5). Suppose 45*d - 4535 = -1025. Calculate the greatest common divisor of d and a.
26
Let u be 162*((-35)/(-26) - 56/(-364)). What is the highest common factor of u and 54?
27
Let t be (-16)/56 - 37/(-7). Suppose 4*j - 2*k - 8 = 4, -t*k = -j + 12. Let a be (-4)/j + ((-3)/1 - -18). Calculate the highest common divisor of 117 and a.
13
Let a = 330 + -285. Suppose o = 86 - a. Calculate the highest common divisor of o and 41.
41
Suppose 0 = 5*a - 101 - 49. Let w(t) = 2*t**2 - 6*t + 10. Suppose 2*u - 3 - 3 = 0. Let b be w(u). Calculate the greatest common divisor of b and a.
10
Let o be 27/6 + 10/(-20). Suppose -o*j - 36 = -0*f - f, 4*f + 5*j = 207. What is the greatest common divisor of f and 32?
16
Suppose 0 = -4*b - 2*p - 6, 2*b - 3*p = -p - 12. Let h(a) = -a + 1. Let s be h(b). Let i be s/12*6 + 58. Calculate the greatest common divisor of i and 12.
12
Suppose 604862 - 9682 = 38*l - 406310. Calculate the highest common divisor of 105 and l.
105
Let z(b) = 42*b**2 - 13 + 6 - 8*b**2 - 3*b + 13*b**2. Let o be z(-2). What is the highest common factor of o and 17?
17
Let i(k) = 2*k**3 - 110*k**2 + 5*k - 243. Let h be i(55). What is the highest common factor of h and 208?
16
Let a be 113 - (-2 + 1) - -1. Suppose 0 = r - 4*b + 1328, 216*r + 5312 = 212*r + 5*b. Let t = -1305 - r. What is the greatest common divisor of t and a?
23
Let s(k) = -2*k**3 - 3*k**2 + 2*k + 8. Let x be s(-4). Suppose -23*a + 18*a + x = 0. What is the highest common factor of a and 1?
1
Let m be (3 - -4) + 7 + 15/5. Let o = 402 - -193. Suppose -2*n - 3*n = -o. What is the greatest common divisor of n and m?
17
Let p be 0 + 4/(-18) - ((-476)/36 + 12). What is the greatest common factor of p and 911?
1
Let m(n) = 23*n - 232. Let t be m(10). Let h be ((-55)/5)/(t/14). What is the highest common divisor of 924 and h?
77
Suppose -3*c + 5 = k, -c + 2*k - k - 5 = 0. Suppose -2*y - y + 132 = c. Let b = 84 - y. Calculate the highest common divisor of 16 and b.
8
Let r = 8830 + -2008. Calculate the highest common factor of 36 and r.
18
Suppose -5*n = -2*i + 1461, -i + n = -795 + 69. Suppose 13*y - 3125 = i. What is the greatest common factor of 37 and y?
37
Let w be 25267/5 - 882/630. Calculate the greatest common factor of 6 and w.
6
Let x = -54 - -145. Suppose -5*g + k + 99 = -3*k, -5*g - 4*k + x = 0. Calculate the greatest common divisor of g and 133.
19
Let j(c) = -c**3 - 12*c**2 - 15*c - 137. Let i be j(-12). What is the highest common factor of 86516 and i?
43
Suppose 47*f + 411 = 1257. Calculate the greatest common divisor of f and 2799.
9
Suppose 4*i - m - 5850 = 0, -26*m + 24*m + 2930 = 2*i. Calculate the greatest common factor of i and 532.
133
Let y(i) = i**2 + 25*i - 260. Let t be y(-33). Calculate the highest common divisor of t and 2188.
4
Let b be ((-756)/(-630))/(0 + 6/35020). Calculate the greatest common divisor of b and 68.
68
Suppose 25 = -0*x + x. Suppose z + 2*f + 15 = 2*z, z = 4*f + x. Let v be (-4)/(-148) + (-23822)/(-1591). What is the greatest common divisor of z and v?
5
Let l = -10261 - -11054. Calculate the highest common divisor of l and 208.
13
Let t(m) = 4*m**3 + 17*m**2 - 143*m - 28. Let b be t(11). Calculate the highest common divisor of b and 20.
20
Let u be 12027/133 - (-24)/(-56). Let i = 44 + 91. What is the highest common divisor of i and u?
45
Let a(o) = 7*o - 203. Let k be a(26). Let l be (-34760)/(-168) + (-2)/k. Calculate the greatest common factor of 92 and l.
23
Let l be 3/(-12) + 22/(-8). Let u(x) = -x**3 - x**2 + 5*x + 3. Let b be u(l). Suppose 12*y - 10*y = 12. Calculate the greatest common factor of y and b.
6
Let h = -455 + 296. Let z = -133 - h. What is the highest common factor of 143 and z?
13
Let n(q) = 3*q - 26. Let k be ((-38)/10)/(2/(-20)). Let f be 